 2*z = 5*z + 49, 4*z = -12. List the prime factors of r(y).
5
Let v(s) = -s**3 + 7*s**2 - 6*s + 3. Let b be v(6). Suppose 0 = 2*o - b*o. Suppose o = 2*x - 6*x + 40. List the prime factors of x.
2, 5
Suppose -2*n = -3*n + 3*t - 3, 17 = 3*n + 4*t. Suppose -68 = -n*i + 22. What are the prime factors of i?
2, 3, 5
Suppose -d = -10 - 2. Let r = d - 3. What are the prime factors of r?
3
Let h(j) = j**2 + j - 2. Let n be h(-3). Let x be 14/(-10) - n/(-10). Let c = x + 5. What are the prime factors of c?
2
Let i(u) = -u**3 - 6*u**2 - 7*u - 2. Let v be i(-5). Let s = v + -5. List the prime factors of (-1)/3 + 34/s.
11
Suppose -3*c - 5 = -8*c, -4*c + 22 = 2*l. Let p(z) = -2*z**2 + 9*z + 11. Let d(m) = -m**2 + m. Let f(s) = -d(s) + p(s). List the prime factors of f(l).
2
Suppose 3*j = -0*j - 15. What are the prime factors of j/(2*(-2)/4)?
5
Let a = 0 - 1. List the prime factors of 25*1 - 0/a.
5
Let r(n) = -14*n + 2. List the prime factors of r(-6).
2, 43
Let s(o) = -3*o - 10. Let m(p) = 2*p + 9. Let w(q) = -4*m(q) - 3*s(q). What are the prime factors of w(10)?
2
Let z = 3 - 44. Let a = z + 57. List the prime factors of a.
2
Let c(p) = 5*p - 28. What are the prime factors of c(7)?
7
Suppose -3*p = -0*p + 48. Let n = p - -22. Suppose -n*i - 27 = -5*w - 2*i, -4*i - 21 = -3*w. What are the prime factors of w?
3
Let y = -15 + 28. Let a = y - -1. List the prime factors of a.
2, 7
Let w = -2 + -2. Let u(r) be the second derivative of r**4/12 + r**3/2 + 5*r**2/2 - 2*r. What are the prime factors of u(w)?
3
Let v be (-25)/(-15) + 1/3. Suppose v*k = -2*k + 52. List the prime factors of k.
13
Let n(f) be the third derivative of f**5/30 + f**4/8 - 5*f**3/6 - 4*f**2. What are the prime factors of n(-4)?
3, 5
Suppose 144*c = 142*c + 480. What are the prime factors of c?
2, 3, 5
Let z(j) = j**3 + 3*j**2 + 2*j + 239. List the prime factors of z(0).
239
Let j(l) = l**3 + 3*l**2 + 2*l + 3. Let u be j(-3). Let d be 2*1 - (-3)/u. Suppose -y = -3*t + 36, -4*y + d = -4*t + 57. List the prime factors of t.
11
Let m be (-7)/(-3) - 3/9. Suppose 5*l = m*h - 22, -3*h + 11 = -2*l - 0. Let s = 6 + l. What are the prime factors of s?
2
Suppose 0 = 2*j - r - 13, -4*j = 3*r - 35 + 14. What are the prime factors of j?
2, 3
Let g(y) = -y**3 + 6*y**2 + 10*y - 7. Suppose 0 = -0*k + 2*k - 14. What are the prime factors of g(k)?
2, 7
Let s(j) = j + 19. Let m(d) = -d**2 + 6*d + 7. Let r(l) = l + 1. Let y be r(6). Let t be m(y). List the prime factors of s(t).
19
Let l be (14 + 0)*1/2. Let a = 1 + l. List the prime factors of a.
2
Let x = 12 - 8. Suppose -x*l - 8 = -5*l. What are the prime factors of l?
2
Let n(z) be the third derivative of z**6/120 - 3*z**5/20 + z**4/24 + 11*z**3/6 - 4*z**2. Let o be n(9). What are the prime factors of o/50 + (-58)/(-5)?
2, 3
Let o = -32 - -65. What are the prime factors of o?
3, 11
Let x(y) = y**2 - 6*y - 9. What are the prime factors of x(8)?
7
Let q be (0 + -4)*(-5)/(-10). Let l(y) = -6*y**2 - 2*y - 1. Let o(n) = 3*n**2 + n. Let v(r) = 2*l(r) + 5*o(r). What are the prime factors of v(q)?
2
Let o be ((-21)/(-12) - 1)*28. Let y = o - 12. List the prime factors of y.
3
Let f(p) = -27*p - 87. List the prime factors of f(-11).
2, 3, 5, 7
Let t(v) = v**3 + 8*v**2 + 6*v. Let s be (-5)/(-15) + 8/(-6). Let d(c) = -7*c**2 + c + 1. Let i be d(s). List the prime factors of t(i).
7
Let f = -6 - -1. What are the prime factors of 2/f - 67/(-5)?
13
Let c be ((-1)/2)/(2/(-8)). List the prime factors of c/((-2)/2)*-4.
2
Let z(j) = -j**3 + 11*j**2 - 3*j + 7. What are the prime factors of z(5)?
2, 71
Let r = 4 - -2. Let c(w) = w**2 - 2*w + 4. Let p be c(r). Let s = p + -17. What are the prime factors of s?
11
Let d(m) = m**2 + 3*m - 2. Let v be d(-3). Let q be 0 - v/4*4. Suppose -q*y + 10 = -y. List the prime factors of y.
2, 5
Let k(y) = y**2 + 16*y - 51. List the prime factors of k(14).
3, 41
Let u = -23 - -51. What are the prime factors of u?
2, 7
Let k(h) = 3*h**2 - 4*h - 3. Suppose 0 = -8*b + 3*b - 15. What are the prime factors of k(b)?
2, 3
Let o be -4*(0 - 3/6). Suppose -o*i + 35 = 3*i. What are the prime factors of i?
7
Let p(m) = -m**3 + 6*m**2 + m - 7. Let y be p(6). Let f be (-410)/(-50) - 2/10. Let c = y + f. List the prime factors of c.
7
Let o be 5/20 - 185/4. Let u = 82 + o. List the prime factors of u.
2, 3
Let z be ((-44)/(-10))/((-1)/(-5)). Suppose -3*t + 4*m + 19 = -z, -4*t + 33 = -m. Suppose -37 = -4*n + t. What are the prime factors of n?
11
Suppose 0*p = 2*c + p - 7, 6 = 2*c + 2*p. Suppose c*u - 13 = 63. List the prime factors of u.
19
Suppose -5*y + 6 = -2*y. Suppose -y*u = -7*u. Suppose 2*q - 8 - 20 = u. List the prime factors of q.
2, 7
Let t = -3 - -5. Suppose t*u - 5*p + 6 = -1, 4*u - 3*p = -21. Let h = 10 + u. List the prime factors of h.
2
Suppose 5*t - 6*t - 3 = 0. Let d be (2/t)/((-4)/18). Suppose -d = 2*g - 3*g. What are the prime factors of g?
3
Let o(n) = n**3 + 5*n**2 + 2*n + 3. Let t = 14 - 10. Suppose -2*f + t = -3*f. List the prime factors of o(f).
11
Suppose 0 = 2*q - 239 + 77. What are the prime factors of q?
3
Suppose 17*y - 19*y + 142 = 0. What are the prime factors of y?
71
Let n(o) = o**2 - 3*o - 4. Let y be n(3). Let m be (y/(-5))/(10/25). Suppose m*s = 4*s - 2*g - 26, g = -2*s + 38. What are the prime factors of s?
17
Suppose -2*p - 64 = -220. What are the prime factors of p?
2, 3, 13
Let q be (-6)/(-3*6/639). Suppose 2 = -2*d, 32 = 5*a - 4*d + q. Let l = 54 + a. What are the prime factors of l?
17
Suppose -k + 1 + 4 = 0, -4*x - 5*k = -149. Let s = -18 + x. What are the prime factors of s?
13
Let y = 14 + -2. Let q be ((-10)/(-4))/(6/y). Suppose 23 + q = 4*p. What are the prime factors of p?
7
Suppose 0 = 4*u + u - 65. Suppose -10 = 2*m + 4*n, -4*m + 0*n = -3*n - u. List the prime factors of (-99)/(-12) - m/4.
2
Let j(i) = i**3 + 12*i**2 + 10*i - 1. Let a be j(-11). Suppose n - a = -4*n. What are the prime factors of n?
2
Suppose -5*a + 5 + 0 = 0. Let v(b) = b**2 - 1. Let y be v(a). Suppose -2*o + 10 + 4 = y. List the prime factors of o.
7
Let z = -167 - -260. What are the prime factors of z?
3, 31
Suppose 10*o - 6 = 8*o. Let l be 4/14 - (-374)/14. Suppose -5*a + 2*m = -2*a - l, 46 = 5*a - o*m. What are the prime factors of a?
11
Let d = 158 + -79. What are the prime factors of d?
79
Suppose -22 = p - 6*p - x, -3*p + 2 = -5*x. Suppose -p*j - j + 34 = 4*n, -70 = -5*j + 5*n. List the prime factors of j.
2, 5
Let d(h) = -h + 20. Let c = 7 + 2. What are the prime factors of d(c)?
11
Let c(o) = 69*o - 6. List the prime factors of c(2).
2, 3, 11
Let d = 25 - 22. Let g(r) = r**2 - 2*r + 0*r**2 - 1 + 2. What are the prime factors of g(d)?
2
Let b be (-1 + -2)*(-2)/2. Let x(c) = c**3 - c**2 - 2*c + 2. What are the prime factors of x(b)?
2, 7
Suppose -g + 5 = 3*i, 37 = -3*g - 3*i + 7*i. Let c(j) = -j - 1. Let f(n) = -7*n - 13. Let p(q) = -5*c(q) + f(q). List the prime factors of p(g).
2, 3
Let s(t) = -t**3 + 10*t**2 - t + 10. Let p be s(10). Suppose p - 30 = -3*l. List the prime factors of l.
2, 5
Let f(a) = a - 1. Let q be f(1). Let t = q + 8. List the prime factors of t.
2
Let n = 5 - -22. Let r = n + -11. List the prime factors of r.
2
Suppose 4 = 3*j - j. Suppose 0 = -s + j, -4*z - 3*s = -s - 76. What are the prime factors of z?
2, 3
List the prime factors of (-45)/(-2)*6/5.
3
Let w be ((-16)/(-6) - 2)*6. Suppose 5*r - w*z - 114 = 0, -4*z - 26 = -4*r + 3*r. Suppose 5*g - 13 = r. What are the prime factors of g?
7
Let a(l) be the second derivative of 5*l**3/6 + 5*l**2/2 - 3*l. Let d be a(4). Let w = 37 - d. List the prime factors of w.
2, 3
Let m = 235 + -104. What are the prime factors of m?
131
Suppose o = -3*o + 8. Let p(w) = w**2 + 3*w - 6. Let n be p(-6). Suppose o*a = -0*a + n. What are the prime factors of a?
2, 3
Suppose -4*b - h - 3 = 0, 5*b + 5*h + 15 = -0*h. Let w(x) = x + 17. List the prime factors of w(b).
17
Let k be -1 + 1 + -5 + 24. Suppose 2*q - k = -3. List the prime factors of q.
2
Let z = -15 - -53. List the prime factors of z.
2, 19
Let z(v) = v**2 - 2*v + 82. List the prime factors of z(0).
2, 41
Suppose 3*g + 3 - 2 = 5*j, 3*j = -4*g + 18. Suppose -j*l = 2*l. Suppose l = -f + 4*b - 8, f - 2 = 2*b - 0*b. List the prime factors of f.
2, 3
Suppose -2*w + 5*l = 4, 0 = w + l + 2. Let i(b) = 3*b**2 - b - 2. List the